2/5)/((-8)/l) prime?
False
Let m = -11460 + 18135. Let q = -3967 + m. Is q/4 + 3 - 12/(-4) a composite number?
False
Suppose 3*k - 2*x = -0*k + 179, 0 = -4*k + 4*x + 232. Let s be (12/10)/((k/70)/(-3)). Is (1676/(-8))/(2/s) a composite number?
False
Suppose -1682907 = 273*m - 4022429 - 4505407. Is m a composite number?
False
Let s = -154 - -577. Suppose m + s = b, m - 885 = -3*b + 380. Let h = b - 273. Is h prime?
True
Is 2 - (-4 - (-2 - 10) - 121813) a composite number?
True
Let o = -72 - -72. Suppose 3*b + 4*k = 5055 + 208, o = 4*b + 4*k - 7024. Is b composite?
True
Let s(g) = -151559*g + 3119. Is s(-6) composite?
True
Suppose -7465 = 3*x + 25460. Let d = x - -23447. Suppose 10*z = 2*z + d. Is z a composite number?
False
Suppose -j - 4*j = -2*u + 241518, 3*j - 12 = 0. Is u a composite number?
True
Let n(s) be the third derivative of 573*s**5/10 + s**4/24 - s**3/2 - 81*s**2. Is n(2) prime?
True
Suppose 15*f - 10*f - 60241 = -u, 0 = -2*f - 4. Is u composite?
False
Let g(m) = -26 - 55 + 46 + 25*m + 45. Suppose -3*h + 5*h = 4*f - 22, 2*h = -10. Is g(f) composite?
True
Suppose 0 = -12*b + 65*b - 530. Let i(g) = 5260*g**3 + g**2 - 2*g + 1. Let w be i(2). Is w/65 - 4/b prime?
True
Let f(t) = t**3 + 16*t**2 - 18*t - 23. Let m be f(-17). Is ((-1466)/m)/((-6)/(-198)) a composite number?
True
Is (-15724 - -3)*(-17 + 16) a prime number?
False
Let c(d) = -4*d - 35. Suppose 18 = -7*k + 5*k. Let m be c(k). Is (11 - 6) + 528 - (1 - m) composite?
True
Let c(p) be the third derivative of 45*p**4/8 - 5*p**3/3 + 9*p**2 - 3. Is c(3) prime?
False
Let c be (-4 - -118)/3 + 0. Let u be 4*c/(-20)*-25. Let z = u - 45. Is z prime?
False
Let b(t) = -2*t**2 + 16*t + 22. Let z be b(9). Suppose -644 = -3*y + h, 2*y + z*h = 6*y - 872. Is y composite?
True
Suppose -2*h + 5*g = -1784252, -4*h + 4*g = -9*h + 4460729. Is h a composite number?
False
Let h be (-1974)/168 + 6/8. Let m(a) = -17*a**3 + 18*a**2 + 16*a + 2. Is m(h) composite?
False
Is (-13 - 17) + 15 + 274274 prime?
True
Is (1113/2 - (-3 - -1))*(-394 + 396) a composite number?
False
Suppose 0 = -7*y - 43*y + 150. Let r = 1421 - 593. Suppose -r = -2*a + h - y*h, 2*a - 834 = -4*h. Is a composite?
True
Let n(j) = j**3 - 13*j**2 + 40*j + 4. Let v be n(5). Suppose -3*m + 5*m = 0, 0 = 2*s + v*m - 5926. Is s composite?
False
Suppose 3*j - d = 6, -3*j + 17*d + 36 = 21*d. Let b(k) be the first derivative of 21*k**2/2 - 31*k - 1. Is b(j) composite?
False
Let o(q) be the second derivative of -9*q**5/20 + q**4/2 + 5*q**3/2 + q**2/2 + 26*q. Is o(-7) prime?
False
Let c(k) = -14*k - 25. Let h be c(-2). Suppose -3*x - 3*m = -4*m - 1898, h*m = 5*x - 3170. Is x a prime number?
True
Let j be (13/26)/((-3)/978). Let l = j - -196. Is l a prime number?
False
Is 325439/5 + 1014/845 prime?
True
Let v(z) = -9*z + 3. Let m be v(1). Let h(i) = -24*i**3 + 4*i**2 + 3*i - 5. Is h(m) composite?
True
Let f(p) = 1929*p**3 + 6*p**2 - p. Let a(d) = 1930*d**3 + 4*d**2 - d. Let v(y) = -3*a(y) + 2*f(y). Let z be (5 + -9)*(-2)/(-8). Is v(z) composite?
False
Let v(f) = -545*f + 437. Is v(-24) prime?
False
Is 18/(-4)*(27 + (-3757642)/42) prime?
False
Let o be (-36092)/(-24) - (-2)/12. Suppose 2*h - 712 - o = 0. Suppose h - 3498 = -5*p. Is p a prime number?
False
Suppose 936 + 9858 = 12*x - 26*x. Let m(p) = -229*p - 8. Let i be m(6). Let r = x - i. Is r prime?
False
Suppose -402146 = -2*x + o + 874503, -2*x + 5*o + 1276629 = 0. Is x prime?
True
Let f = -489 + 532. Let y = -8974 + 13322. Suppose 39*w = f*w - y. Is w a composite number?
False
Is ((1 + (-7)/3)/(-2))/(98/35447433) a prime number?
False
Let o(m) = 3*m**2 - m - 13. Let v(y) = -2*y**2 + 40*y - 2. Let b be v(19). Let s = -20 + b. Is o(s) a composite number?
False
Let r(t) = t**3 + 6*t**2 - 3*t - 10. Let a be r(-6). Let f(p) be the third derivative of 25*p**4/12 + p**3/6 - 136*p**2. Is f(a) a prime number?
True
Is (-15544 - -6)/((-11)/(88/16)) composite?
True
Suppose 21*g = 31*g - 120. Is (6 - 4)/g + (-3658)/(-12) prime?
False
Let y(g) = 3*g**2 + 3*g - 4. Let m be y(-2). Let h(n) = 7*n**2 + 3*n + 10. Let p be h(-8). Suppose 0*l + p = l - 3*q, -m*q = -l + 439. Is l a prime number?
True
Let f(u) = 2*u**2 + 2*u + 9. Let m be f(0). Let p(y) = 9*y**3 + 11*y**2 + 25*y - 38. Is p(m) a prime number?
True
Let d(o) = 40*o - 79. Let j be d(17). Suppose 0 = -j*h + 599*h + 1756. Is h a composite number?
True
Suppose n + 4*l = -5 - 20, n = l. Is 3/n - (-8698)/5 a composite number?
True
Is 104/130 - 1/((-5)/338001) a composite number?
False
Let v(l) = 43*l**3 - 7*l**2 - 16*l + 84. Let u(c) = -14*c**3 + 2*c**2 + 5*c - 28. Let b(s) = -7*u(s) - 2*v(s). Is b(5) a composite number?
True
Let f(n) = 2*n**3 + 15*n**2 - 9*n - 7. Let v be f(-8). Let w = -6 + 7. Is (v - -1536) + w*-1*2 composite?
True
Let t = 12173 + 6464. Is t composite?
False
Let p(l) = -2*l**2 + l + 4. Let w be p(0). Suppose 2*g + 10953 = 9*y - w*y, -y + 2190 = -g. Is y prime?
False
Let h(f) = -f**3 - 1. Let o(i) be the first derivative of -17*i**3/3 + 4*i**2 - 4*i - 27. Let u(a) = -2*h(a) - o(a). Is u(-5) a composite number?
True
Let t(n) = 85*n**3 + 3*n**2 + 8*n - 11. Let s = 25 + -10. Suppose s = -2*o + 7*o. Is t(o) a composite number?
True
Suppose -r + 7 = 7*w - 5*w, 5*r + 4*w = 59. Suppose -7*x - 17432 = -r*x. Is x prime?
True
Let u = -48733 - -134624. Suppose 13*b + 0*b = u. Is b composite?
False
Is (12 - (-24)/12) + 8039 composite?
False
Let u(y) be the third derivative of -y**4/8 - 19*y**3/6 - 5*y**2. Let a be u(-8). Suppose x + 5*n = 249 - 48, -3*x + a*n = -563. Is x prime?
True
Let i be (-6 + 8)/((-6)/(-123)). Suppose -38 = -g - i. Is 88 + 2/(g - -1) a prime number?
False
Let b = -176966 + 280945. Is b composite?
False
Suppose -5*p - 30 = 2*x, -4*p + 3*x - 34 = -10. Is p/10 + 30718/5 prime?
True
Let g(i) = 315*i - 82*i + 1 + 25*i. Let z(v) = -774*v - 2. Let s(a) = -17*g(a) - 6*z(a). Is s(7) composite?
False
Suppose -g + 3790 = -2*k, -6862 = 5*k + 2*g + 2604. Let l = -1157 - k. Is l prime?
False
Let p(r) = r**2 + r. Let w(t) = -2*t**2 + 6*t - 8. Let m(d) = 3*p(d) + w(d). Let u be m(-9). Is 90687/76 + 2/u prime?
True
Let m = -14044 + 143555. Is m prime?
False
Let y(d) = 27*d**2 + 7*d + 11. Let b(p) = p**3 + 3*p**2 + 4*p + 22. Let g be b(-5). Let k = g + 44. Is y(k) a prime number?
False
Let y be (36/10)/((-5)/(-15125)). Let v = y - -5597. Is v composite?
False
Suppose 5*w + 52 - 197 = 0. Suppose -11 = -8*o + w. Suppose o*l - 7*l = -298. Is l a prime number?
True
Let j(c) = 2*c**3 - 23*c**2 - 11*c - 12. Let l be j(12). Let h(i) = i**2 + 2333 + i**2 - 9*i**2 + 8*i**2. Is h(l) a prime number?
True
Let l(s) = 22858*s + 683. Is l(3) composite?
False
Suppose -7362425 - 15012918 = 488*a - 511*a. Is a a prime number?
False
Suppose -2*m = -5*m - x + 4, 3*m - 3*x - 12 = 0. Let n(q) = -33*q**3 + 13 - m*q - 24 + 15. Is n(-3) composite?
True
Let s(l) = -40*l**3 - 3*l**2 - l + 1. Let g = -138 + 214. Let t = g - 77. Is s(t) prime?
False
Suppose 5*y = 25, -110*n + 11775800 = -100*n + 2*y. Is n prime?
False
Suppose -27 = 5*v - 7. Let x be v/((-16)/(-14))*(-12)/21. Suppose x*r + 3343 = 7*r - y, 667 = r - y. Is r composite?
True
Suppose 0 = -4*x + 5*h - 8*h + 8827, -x = -h - 2198. Is x a composite number?
False
Suppose -10*f + 22 = -88. Suppose -t + f*t = 101930. Is t prime?
True
Suppose 2*l - 34 + 30 = 0. Suppose -6*z + 24 = -l*z. Is ((-6)/(-9) - (-26)/z)*19 a prime number?
False
Let m = 50 - -327. Suppose -3*g - m = 163. Let h = 115 - g. Is h prime?
False
Let i(f) = 81*f**2 - 33*f + 4277. Is i(-62) a prime number?
False
Let p = 2672 + 120. Suppose -4*d - 4*g + 11128 = -0*d, d - p = g. Is d composite?
True
Let y = 57 + -43. Suppose f - 5*c = y, 3*f - 4*c = 2*f + 13. Let l(r) = 5*r**2 - 12*r - 4. Is l(f) prime?
True
Suppose 4*i + 5*i = 117. Suppose 408 = i*p - 5*p. Suppose -54*a + 705 = -p*a. Is a a prime number?
False
Let m(w) = -1216*w - 44. Let d be m(4). Let b = d - -8755. Is b a prime number?
True
Suppose -41*r = -39*r - 10, r = s - 52604. Is s a prime number?
True
Let u(f) = -9462*f - 1573. Is u(-10) a prime number?
True
Let u = 710709 + -208058. Is u composite?
False
Suppose -r - 6 = -1, 4*x = -4*r + 252. Let n be (0/(-1) - 32) + -1. Let j = x + n. Is j prime?
False
Let a = -3581 - -5040. Let l = 3318 + a. Is l a prime number?
False
Let w = -55 + 107. Let 